{"id":360,"date":"2026-01-04T02:53:57","date_gmt":"2026-01-04T02:53:57","guid":{"rendered":"https:\/\/pressing-arles.fr\/?page_id=360"},"modified":"2026-01-04T02:59:21","modified_gmt":"2026-01-04T02:59:21","slug":"mentions-legales","status":"publish","type":"page","link":"https:\/\/pressing-arles.fr\/index.php\/mentions-legales\/","title":{"rendered":"Mentions L\u00e9gales"},"content":{"rendered":"\t\t<div data-elementor-type=\"wp-page\" data-elementor-id=\"360\" class=\"elementor elementor-360\">\n\t\t\t\t<div class=\"elementor-element elementor-element-c628164 e-flex e-con-boxed e-con e-parent\" data-id=\"c628164\" data-element_type=\"container\">\n\t\t\t\t\t<div class=\"e-con-inner\">\n\t\t\t\t<div class=\"elementor-element elementor-element-9a10709 elementor-widget elementor-widget-heading\" data-id=\"9a10709\" data-element_type=\"widget\" data-widget_type=\"heading.default\">\n\t\t\t\t\t<h2 class=\"elementor-heading-title elementor-size-default\">Mentions l\u00e9gales<\/h2>\t\t\t\t<\/div>\n\t\t\t\t\t<\/div>\n\t\t\t\t<\/div>\n\t\t<div class=\"elementor-element elementor-element-4b40b3f e-flex e-con-boxed e-con e-parent\" data-id=\"4b40b3f\" data-element_type=\"container\">\n\t\t\t\t\t<div class=\"e-con-inner\">\n\t\t\t\t<div class=\"elementor-element elementor-element-535f5a4 elementor-widget elementor-widget-text-editor\" data-id=\"535f5a4\" data-element_type=\"widget\" data-widget_type=\"text-editor.default\">\n\t\t\t\t\t\t\t\t\t<p><b>\u00c9diteur du site<\/b><\/p><p><span style=\"font-weight: 400;\">Le pr\u00e9sent site, accessible \u00e0 l\u2019URL<\/span><a href=\"https:\/\/www.pressing-arles.fr\"> <span style=\"font-weight: 400;\">https:\/\/www.pressing-arles.fr<\/span><\/a><span style=\"font-weight: 400;\">, est \u00e9dit\u00e9 par :<\/span><\/p><p><b>LAVERIES DU SUD PERE &amp; FILS<\/b><span style=\"font-weight: 400;\">,<\/span><span style=\"font-weight: 400;\"><br \/><\/span><span style=\"font-weight: 400;\">Soci\u00e9t\u00e9 par actions simplifi\u00e9e (SAS) au capital social de 30 500 \u20ac,<\/span><span style=\"font-weight: 400;\"><br \/><\/span><span style=\"font-weight: 400;\">immatricul\u00e9e au Registre du Commerce et des Soci\u00e9t\u00e9s de Salon-de-Provence sous le num\u00e9ro 938 978 996,<\/span><span style=\"font-weight: 400;\"><br \/><\/span><span style=\"font-weight: 400;\">dont le si\u00e8ge social est situ\u00e9 708 Chemin Gibertes \u2013 Vignes de Rima, 13580 La Fare-les-Oliviers \u2013 France.<\/span><\/p><p><span style=\"font-weight: 400;\">Pr\u00e9sident : Guillaume CAPELLE.<\/span><\/p><p><b>H\u00e9bergement<\/b><\/p><p><span style=\"font-weight: 400;\">Le site est h\u00e9berg\u00e9 par :<\/span><\/p><p><b>OVH SAS<\/b><b><br \/><\/b><span style=\"font-weight: 400;\">2 rue Kellermann<\/span><span style=\"font-weight: 400;\"><br \/><\/span><span style=\"font-weight: 400;\">59100 Roubaix \u2013 France<\/span><span style=\"font-weight: 400;\"><br \/><\/span><span style=\"font-weight: 400;\">T\u00e9l\u00e9phone : 1007<\/span><\/p><p><b>Cr\u00e9dits<\/b><\/p><p><span style=\"font-weight: 400;\">Certaines images pr\u00e9sentes sur le site proviennent de la plateforme Freepik et sont utilis\u00e9es conform\u00e9ment \u00e0 leurs conditions de licence.<\/span><\/p><p><b>Cookies et donn\u00e9es de navigation<\/b><\/p><p><span style=\"font-weight: 400;\">Lors de votre premi\u00e8re visite, un bandeau de consentement aux cookies vous est propos\u00e9.<\/span><\/p><p><span style=\"font-weight: 400;\">En cas d\u2019acceptation, le site utilise Google Analytics, un service d\u2019analyse d\u2019audience permettant de collecter uniquement des donn\u00e9es de navigation anonymis\u00e9es (pages consult\u00e9es, dur\u00e9e de visite, type d\u2019appareil), \u00e0 des fins strictement statistiques et d\u2019am\u00e9lioration du site.<\/span><\/p><p><b>Formulaire de contact et protection des donn\u00e9es personnelles<\/b><\/p><p><span style=\"font-weight: 400;\">Le site dispose d\u2019un formulaire de contact permettant aux visiteurs de poser des questions ou de demander des informations.<\/span><span style=\"font-weight: 400;\"><br \/><\/span><span style=\"font-weight: 400;\">Les donn\u00e9es saisies dans ce formulaire (nom, adresse e-mail, message) sont utilis\u00e9es exclusivement pour r\u00e9pondre \u00e0 votre demande et ne sont ni conserv\u00e9es au-del\u00e0 de cette finalit\u00e9, ni transmises \u00e0 des tiers.<\/span><span style=\"font-weight: 400;\"><br \/><\/span><span style=\"font-weight: 400;\">En naviguant sur le site, les visiteurs acceptent \u00e9galement l\u2019utilisation de cookies et de Google Analytics pour des finalit\u00e9s statistiques.<\/span><span style=\"font-weight: 400;\"><br \/><\/span><span style=\"font-weight: 400;\">Aucune donn\u00e9e personnelle nominative n\u2019est collect\u00e9e \u00e0 d\u2019autres fins ni c\u00e9d\u00e9e \u00e0 des tiers.<\/span><span style=\"font-weight: 400;\"><br \/><\/span><span style=\"font-weight: 400;\">Vous pouvez \u00e0 tout moment demander la suppression de vos informations personnelles en nous contactant via le formulaire ou par e-mail.<br \/><br \/><\/span><\/p><p data-start=\"1783\" data-end=\"1813\"><strong data-start=\"1783\" data-end=\"1811\">Conformit\u00e9 \u00e0 la loi RGPD<\/strong><\/p><p data-start=\"1815\" data-end=\"2189\">Conform\u00e9ment au R\u00e8glement G\u00e9n\u00e9ral sur la Protection des Donn\u00e9es (RGPD), vous disposez d\u2019un droit d\u2019acc\u00e8s, de rectification et de suppression de vos donn\u00e9es personnelles.<br data-start=\"2077\" data-end=\"2080\" \/>Pour exercer vos droits, vous pouvez nous contacter directement via le formulaire de contact ou par e-mail \u00e0 <a>laveriesdusud.pf@gmail.com<\/a><\/p><p><span style=\"font-weight: 400;\">\u00a0<\/span><\/p><p><b>Droit applicable<\/b><\/p><p><span style=\"font-weight: 400;\">Le pr\u00e9sent site est soumis au droit fran\u00e7ais.<\/span><\/p>\t\t\t\t\t\t\t\t<\/div>\n\t\t\t\t\t<\/div>\n\t\t\t\t<\/div>\n\t\t\t\t<\/div>\n\t\t","protected":false},"excerpt":{"rendered":"<p>Mentions l\u00e9gales \u00c9diteur du site Le pr\u00e9sent site, accessible \u00e0 l\u2019URL https:\/\/www.pressing-arles.fr, est \u00e9dit\u00e9 par : LAVERIES DU SUD PERE &amp; FILS,Soci\u00e9t\u00e9 par actions simplifi\u00e9e (SAS) au capital social de 30 500 \u20ac,immatricul\u00e9e au Registre du Commerce et des Soci\u00e9t\u00e9s de Salon-de-Provence sous le num\u00e9ro 938 978 996,dont le si\u00e8ge social est situ\u00e9 708 Chemin [&hellip;]<\/p>\n","protected":false},"author":1,"featured_media":0,"parent":0,"menu_order":0,"comment_status":"closed","ping_status":"closed","template":"","meta":{"footnotes":""},"class_list":["post-360","page","type-page","status-publish","hentry"],"yoast_head":"<!-- This site is optimized with the Yoast SEO plugin v26.6 - https:\/\/yoast.com\/wordpress\/plugins\/seo\/ -->\n<title>Mentions L\u00e9gales - Pressing Arles<\/title>\n<meta name=\"robots\" content=\"index, follow, max-snippet:-1, max-image-preview:large, max-video-preview:-1\" \/>\n<link rel=\"canonical\" href=\"https:\/\/pressing-arles.fr\/index.php\/mentions-legales\/\" \/>\n<meta property=\"og:locale\" content=\"en_US\" \/>\n<meta property=\"og:type\" content=\"article\" \/>\n<meta property=\"og:title\" content=\"Mentions L\u00e9gales - Pressing Arles\" \/>\n<meta property=\"og:description\" content=\"Mentions l\u00e9gales \u00c9diteur du site Le pr\u00e9sent site, accessible \u00e0 l\u2019URL https:\/\/www.pressing-arles.fr, est \u00e9dit\u00e9 par : LAVERIES DU SUD PERE &amp; FILS,Soci\u00e9t\u00e9 par actions simplifi\u00e9e (SAS) au capital social de 30 500 \u20ac,immatricul\u00e9e au Registre du Commerce et des Soci\u00e9t\u00e9s de Salon-de-Provence sous le num\u00e9ro 938 978 996,dont le si\u00e8ge social est situ\u00e9 708 Chemin [&hellip;]\" \/>\n<meta property=\"og:url\" content=\"https:\/\/pressing-arles.fr\/index.php\/mentions-legales\/\" \/>\n<meta property=\"og:site_name\" content=\"Pressing Arles\" \/>\n<meta property=\"article:modified_time\" content=\"2026-01-04T02:59:21+00:00\" \/>\n<meta name=\"twitter:card\" content=\"summary_large_image\" \/>\n<meta name=\"twitter:label1\" content=\"Est. reading time\" \/>\n\t<meta name=\"twitter:data1\" content=\"2 minutes\" \/>\n<script type=\"application\/ld+json\" class=\"yoast-schema-graph\">{\"@context\":\"https:\/\/schema.org\",\"@graph\":[{\"@type\":\"WebPage\",\"@id\":\"https:\/\/pressing-arles.fr\/index.php\/mentions-legales\/\",\"url\":\"https:\/\/pressing-arles.fr\/index.php\/mentions-legales\/\",\"name\":\"Mentions L\u00e9gales - Pressing Arles\",\"isPartOf\":{\"@id\":\"http:\/\/pressing-arles.fr\/#website\"},\"datePublished\":\"2026-01-04T02:53:57+00:00\",\"dateModified\":\"2026-01-04T02:59:21+00:00\",\"breadcrumb\":{\"@id\":\"https:\/\/pressing-arles.fr\/index.php\/mentions-legales\/#breadcrumb\"},\"inLanguage\":\"en-US\",\"potentialAction\":[{\"@type\":\"ReadAction\",\"target\":[\"https:\/\/pressing-arles.fr\/index.php\/mentions-legales\/\"]}]},{\"@type\":\"BreadcrumbList\",\"@id\":\"https:\/\/pressing-arles.fr\/index.php\/mentions-legales\/#breadcrumb\",\"itemListElement\":[{\"@type\":\"ListItem\",\"position\":1,\"name\":\"Home\",\"item\":\"http:\/\/pressing-arles.fr\/\"},{\"@type\":\"ListItem\",\"position\":2,\"name\":\"Mentions L\u00e9gales\"}]},{\"@type\":\"WebSite\",\"@id\":\"http:\/\/pressing-arles.fr\/#website\",\"url\":\"http:\/\/pressing-arles.fr\/\",\"name\":\"Pressing Arles\",\"description\":\"Pressing au Centre Leclerc d\u2019Arles : nettoyage, repassage, linge de maison, retouches et services sp\u00e9cialis\u00e9s. Qualit\u00e9 et soin textile.\",\"publisher\":{\"@id\":\"http:\/\/pressing-arles.fr\/#organization\"},\"potentialAction\":[{\"@type\":\"SearchAction\",\"target\":{\"@type\":\"EntryPoint\",\"urlTemplate\":\"http:\/\/pressing-arles.fr\/?s={search_term_string}\"},\"query-input\":{\"@type\":\"PropertyValueSpecification\",\"valueRequired\":true,\"valueName\":\"search_term_string\"}}],\"inLanguage\":\"en-US\"},{\"@type\":\"Organization\",\"@id\":\"http:\/\/pressing-arles.fr\/#organization\",\"name\":\"Pressing Arles\",\"url\":\"http:\/\/pressing-arles.fr\/\",\"logo\":{\"@type\":\"ImageObject\",\"inLanguage\":\"en-US\",\"@id\":\"http:\/\/pressing-arles.fr\/#\/schema\/logo\/image\/\",\"url\":\"https:\/\/pressing-arles.fr\/wp-content\/uploads\/2025\/11\/Asset-2@4x.png\",\"contentUrl\":\"https:\/\/pressing-arles.fr\/wp-content\/uploads\/2025\/11\/Asset-2@4x.png\",\"width\":1223,\"height\":1798,\"caption\":\"Pressing Arles\"},\"image\":{\"@id\":\"http:\/\/pressing-arles.fr\/#\/schema\/logo\/image\/\"}}]}<\/script>\n<!-- \/ Yoast SEO plugin. -->","yoast_head_json":{"title":"Mentions L\u00e9gales - Pressing Arles","robots":{"index":"index","follow":"follow","max-snippet":"max-snippet:-1","max-image-preview":"max-image-preview:large","max-video-preview":"max-video-preview:-1"},"canonical":"https:\/\/pressing-arles.fr\/index.php\/mentions-legales\/","og_locale":"en_US","og_type":"article","og_title":"Mentions L\u00e9gales - Pressing Arles","og_description":"Mentions l\u00e9gales \u00c9diteur du site Le pr\u00e9sent site, accessible \u00e0 l\u2019URL https:\/\/www.pressing-arles.fr, est \u00e9dit\u00e9 par : LAVERIES DU SUD PERE &amp; FILS,Soci\u00e9t\u00e9 par actions simplifi\u00e9e (SAS) au capital social de 30 500 \u20ac,immatricul\u00e9e au Registre du Commerce et des Soci\u00e9t\u00e9s de Salon-de-Provence sous le num\u00e9ro 938 978 996,dont le si\u00e8ge social est situ\u00e9 708 Chemin [&hellip;]","og_url":"https:\/\/pressing-arles.fr\/index.php\/mentions-legales\/","og_site_name":"Pressing Arles","article_modified_time":"2026-01-04T02:59:21+00:00","twitter_card":"summary_large_image","twitter_misc":{"Est. reading time":"2 minutes"},"schema":{"@context":"https:\/\/schema.org","@graph":[{"@type":"WebPage","@id":"https:\/\/pressing-arles.fr\/index.php\/mentions-legales\/","url":"https:\/\/pressing-arles.fr\/index.php\/mentions-legales\/","name":"Mentions L\u00e9gales - Pressing Arles","isPartOf":{"@id":"http:\/\/pressing-arles.fr\/#website"},"datePublished":"2026-01-04T02:53:57+00:00","dateModified":"2026-01-04T02:59:21+00:00","breadcrumb":{"@id":"https:\/\/pressing-arles.fr\/index.php\/mentions-legales\/#breadcrumb"},"inLanguage":"en-US","potentialAction":[{"@type":"ReadAction","target":["https:\/\/pressing-arles.fr\/index.php\/mentions-legales\/"]}]},{"@type":"BreadcrumbList","@id":"https:\/\/pressing-arles.fr\/index.php\/mentions-legales\/#breadcrumb","itemListElement":[{"@type":"ListItem","position":1,"name":"Home","item":"http:\/\/pressing-arles.fr\/"},{"@type":"ListItem","position":2,"name":"Mentions L\u00e9gales"}]},{"@type":"WebSite","@id":"http:\/\/pressing-arles.fr\/#website","url":"http:\/\/pressing-arles.fr\/","name":"Pressing Arles","description":"Pressing au Centre Leclerc d\u2019Arles : nettoyage, repassage, linge de maison, retouches et services sp\u00e9cialis\u00e9s. Qualit\u00e9 et soin textile.","publisher":{"@id":"http:\/\/pressing-arles.fr\/#organization"},"potentialAction":[{"@type":"SearchAction","target":{"@type":"EntryPoint","urlTemplate":"http:\/\/pressing-arles.fr\/?s={search_term_string}"},"query-input":{"@type":"PropertyValueSpecification","valueRequired":true,"valueName":"search_term_string"}}],"inLanguage":"en-US"},{"@type":"Organization","@id":"http:\/\/pressing-arles.fr\/#organization","name":"Pressing Arles","url":"http:\/\/pressing-arles.fr\/","logo":{"@type":"ImageObject","inLanguage":"en-US","@id":"http:\/\/pressing-arles.fr\/#\/schema\/logo\/image\/","url":"https:\/\/pressing-arles.fr\/wp-content\/uploads\/2025\/11\/Asset-2@4x.png","contentUrl":"https:\/\/pressing-arles.fr\/wp-content\/uploads\/2025\/11\/Asset-2@4x.png","width":1223,"height":1798,"caption":"Pressing Arles"},"image":{"@id":"http:\/\/pressing-arles.fr\/#\/schema\/logo\/image\/"}}]}},"_links":{"self":[{"href":"https:\/\/pressing-arles.fr\/index.php\/wp-json\/wp\/v2\/pages\/360","targetHints":{"allow":["GET"]}}],"collection":[{"href":"https:\/\/pressing-arles.fr\/index.php\/wp-json\/wp\/v2\/pages"}],"about":[{"href":"https:\/\/pressing-arles.fr\/index.php\/wp-json\/wp\/v2\/types\/page"}],"author":[{"embeddable":true,"href":"https:\/\/pressing-arles.fr\/index.php\/wp-json\/wp\/v2\/users\/1"}],"replies":[{"embeddable":true,"href":"https:\/\/pressing-arles.fr\/index.php\/wp-json\/wp\/v2\/comments?post=360"}],"version-history":[{"count":7,"href":"https:\/\/pressing-arles.fr\/index.php\/wp-json\/wp\/v2\/pages\/360\/revisions"}],"predecessor-version":[{"id":367,"href":"https:\/\/pressing-arles.fr\/index.php\/wp-json\/wp\/v2\/pages\/360\/revisions\/367"}],"wp:attachment":[{"href":"https:\/\/pressing-arles.fr\/index.php\/wp-json\/wp\/v2\/media?parent=360"}],"curies":[{"name":"wp","href":"https:\/\/api.w.org\/{rel}","templated":true}]}}